e
Is 43443427 composite?
False
Is 1838621 composite?
False
Is 96583193 a prime number?
False
Is 7170031 a prime number?
False
Is 89518067 prime?
True
Is 129507847 a prime number?
False
Is 1538477 composite?
True
Is 649993 composite?
True
Is 17473201 a prime number?
True
Is 3546737 a composite number?
False
Is 334247 prime?
True
Is 100676603 a prime number?
False
Is 24959369 a prime number?
False
Is 33163649 prime?
True
Is 553337 a prime number?
False
Is 388567 a composite number?
False
Is 154051 a prime number?
False
Is 216191603 a prime number?
True
Is 7866519 a prime number?
False
Is 171682789 a composite number?
True
Is 12998911 prime?
False
Is 92151403 composite?
False
Is 8212333 composite?
False
Is 3816343 a composite number?
True
Is 343327679 composite?
False
Is 94842991 a composite number?
False
Is 620591 prime?
False
Is 3263671 prime?
True
Is 977432321 prime?
False
Is 15326023 a composite number?
True
Is 98711539 composite?
False
Is 1570267 prime?
True
Is 383413 a composite number?
True
Is 3138767 composite?
False
Is 78576501 a prime number?
False
Is 51031681 a prime number?
True
Is 2665399 a prime number?
False
Is 24472541 composite?
True
Is 889413523 a composite number?
False
Is 3937877 a prime number?
True
Is 1163581 a composite number?
False
Is 8077351 prime?
False
Is 21449839 a composite number?
False
Is 137922077 composite?
False
Is 4456447 prime?
False
Is 8527243 a composite number?
False
Is 70732759 a prime number?
False
Is 59973601 composite?
True
Is 3880949 composite?
False
Is 3634049 composite?
True
Is 307721 composite?
True
Is 35188081 prime?
True
Is 83119219 prime?
True
Is 85360945 composite?
True
Is 1647222509 prime?
True
Is 58361 prime?
False
Is 739986347 prime?
False
Is 1861213 a composite number?
True
Is 11502143 a composite number?
False
Is 18830959 prime?
False
Is 495118253 composite?
True
Is 2682349 a prime number?
False
Is 14675987 prime?
True
Is 85811471 a prime number?
True
Is 31871347 composite?
False
Is 77591497 a composite number?
True
Is 23804089 a prime number?
True
Is 57445477 prime?
False
Is 5837855 a prime number?
False
Is 43684453 prime?
False
Is 3379271 prime?
False
Is 281878 prime?
False
Is 302239 composite?
True
Is 194309 a prime number?
True
Is 7747 prime?
False
Is 96469 composite?
False
Is 287667839 prime?
True
Is 230296939 composite?
False
Is 1237919 a composite number?
False
Is 43269159 prime?
False
Is 1726103 composite?
False
Is 2897501 composite?
False
Is 18195431 composite?
True
Is 39954251 prime?
False
Is 42271939 prime?
True
Is 14238949 a composite number?
False
Is 20193671 prime?
False
Is 60947437 composite?
True
Is 13413083 composite?
True
Is 16730081 a composite number?
False
Is 36897811 composite?
False
Is 6190991 prime?
True
Is 47044927 a composite number?
False
Is 223649911 a composite number?
False
Is 7878107 a composite number?
True
Is 297157439 composite?
False
Is 883393671 a prime number?
False
Is 29917 a composite number?
False
Is 354173 prime?
False
Is 19010753 composite?
False
Is 15206419 prime?
True
Is 4335887 composite?
False
Is 242575915 a prime number?
False
Is 5910817 a prime number?
False
Is 53997395 a composite number?
True
Is 28230311 a composite number?
True
Is 69026123 composite?
True
Is 312024535 prime?
False
Is 68053501 composite?
False
Is 27945889 prime?
False
Is 3534337 composite?
False
Is 3111169 a composite number?
False
Is 2753773 a prime number?
False
Is 1649887 composite?
False
Is 1648217 a prime number?
True
Is 2682457 composite?
False
Is 1280101 a prime number?
True
Is 131729 composite?
True
Is 54466849 a prime number?
False
Is 10762559 a prime number?
True
Is 362443 a prime number?
True
Is 4613611 prime?
False
Is 41128981 prime?
False
Is 13211381 a composite number?
False
Is 1457783 a composite number?
False
Is 2064229 composite?
False
Is 1829041 composite?
False
Is 5603249 prime?
False
Is 1756337 composite?
True
Is 5114639 a composite number?
False
Is 8451763 composite?
False
Is 183285263 prime?
False
Is 72449803 a composite number?
True
Is 2537785 a prime number?
False
Is 163248581 a prime number?
False
Is 18904243 composite?
True
Is 329527339 a prime number?
False
Is 3108695 a composite number?
True
Is 18193603 composite?
True
Is 19667353 a composite number?
False
Is 6314398 composite?
True
Is 59007583 prime?
False
Is 656939 composite?
False
Is 3869485 composite?
True
Is 170796079 a composite number?
False
Is 55587589 a prime number?
True
Is 7390111 a composite number?
False
Is 28974317 a composite number?
False
Is 112963 a prime number?
False
Is 35024153 prime?
True
Is 12631939 composite?
True
Is 4140361 a prime number?
True
Is 143859919 composite?
True
Is 94912991 a prime number?
False
Is 7199629 prime?
False
Is 5476983 a composite number?
True
Is 2294069 composite?
True
Is 261497305 composite?
True
Is 19570091 a composite number?
True
Is 69044783 prime?
True
Is 172970089 prime?
False
Is 1193173 prime?
True
Is 28650551 composite?
False
Is 1064867 composite?
False
Is 19135241 prime?
False
Is 27832751 prime?
False
Is 4433147 composite?
False
Is 231858989 a composite number?
False
Is 54668291 prime?
False
Is 7853537 composite?
True
Is 9074029 composite?
True
Is 48931 a composite number?
True
Is 25824451 a prime number?
False
Is 2033597 prime?
False
Is 395877047 a prime number?
True
Is 3493558 composite?
True
Is 2421371 composite?
True
Is 88298503 a prime number?
True
Is 8920337 a composite number?
False
Is 359939 prime?
False
Is 156336217 composite?
False
Is 136645801 a prime number?
True
Is 498307 a prime number?
False
Is 79733503 prime?
False
Is 83557847 a composite number?
False
Is 1541931 a composite number?
True
Is 23322934 composite?
True
Is 22804261 prime?
False
Is 85193 a prime number?
True
Is 21361051 composite?
False
Is 79486923 prime?
False
Is 24726691 composite?
True
Is 17653303 a composite number?
False
Is 2287261 a composite number?
False
Is 1406351 a composite number?
False
Is 65726771 composite?
True
Is 18457723 prime?
False
Is 16512757 a prime number?
True
Is 209603 a composite number?
True
Is 320043077 a composite number?
False
Is 9065087 a prime number?
False
Is 1498921 composite?
False
Is 529730009 a prime number?
True
Is 23034857 prime?
True
Is 82711387 prime?
False
Is 28856489 prime?
True
Is 2358085 composite?
True
Is 29351167 a composite number?
True
Is 38644069 a prime number?
False
Is 211849 a prime number?
False
Is 46118213 a composite number?
False
Is 421459 a composite number?
False
Is 229606483 prime?
True
Is 48668327 a prime number?
False
Is 40655413 prime?
True
Is 2100209 a prime number?
False
Is 67353621 a prime number?
False
Is 1459517 composite?
False
Is 55383817 prime?
True
Is 1352839 a prime number?
True
Is 269652665 prime?
False
Is 17777063 a composite number?
False
Is 4116799 prime?
False
Is 377123 a composite number?
False
Is 4500487 prime?
False
Is 3648383 prime?
False
Is 2962037 a prime number?
False
Is 8392073 a prime number?
False
Is 41789219 prime?
True
Is 300195367 composite?
True
Is 1391744363 prime?
True
Is 49818469 a composite number?
False
Is 22567903 a prime number?
False
Is 1198839 prime?
False
Is 161291807 prime?
True
Is 1354027 a prime number?
False
Is 297386183 a prime number?
True
Is 9961163 a composite number?
True
Is 2407235 a composite number?
True
Is 17968502 a composite number?
True
Is 360138469 composite?
True
Is 44458549 a composite number?
False
Is 3942485 composite?
True
Is 1227185 prime?
False
Is 11911106 a composite number?
True
Is 242467 prime?
True
Is 110475457 a composite number?
True
Is 1269699 a composite number?
True
Is 6323327 prime?
True
Is 133055581 composite?
False
Is 63674855 a prime number?
False
Is 164123255 composite?
True
Is 47999027 prime?
False
Is 1360819 prime?
True
Is 2192639 prime?
False
Is 20050937 a prime number?
True
Is 1696691 a prime number?
True
Is 5947759 prime?
True
Is 477712979 prime?
True
Is 14348605 prime?
False
Is 40019407 composite?
False
Is 2483 a composite number?
True
Is 773407 prime?
True
Is 33897727 a composite number?
False
Is 144478861 a composite number?
False
Is 9446929 a composite number?
False
Is 30349681 composite?
False
Is 59833 prime?
True
Is 71796667 a prime number?
True
Is 5372518 composite?
True
Is 10347683 prime?
False
Is 140291 a prime